se
Is 17690899 prime?
False
Is 3134723 prime?
True
Is 54791057 composite?
False
Is 570834593 a prime number?
False
Is 114053141 a composite number?
False
Is 896341 composite?
False
Is 381520345 a composite number?
True
Is 2909677 prime?
False
Is 16613617 a composite number?
False
Is 46885051 a prime number?
False
Is 241422653 composite?
False
Is 5252341 composite?
True
Is 438547 prime?
False
Is 5252347 composite?
False
Is 321889 a composite number?
False
Is 14050051 a composite number?
False
Is 14402957 prime?
True
Is 23991434 a composite number?
True
Is 66708097 composite?
False
Is 22357319 a composite number?
True
Is 12036373 prime?
True
Is 85382977 prime?
True
Is 92753027 prime?
True
Is 5855137 prime?
False
Is 4403446 composite?
True
Is 3931783 a composite number?
False
Is 54325549 a prime number?
False
Is 3283471 a prime number?
True
Is 36301543 a composite number?
True
Is 1260143 composite?
False
Is 5095573 a composite number?
True
Is 1561129 composite?
True
Is 37934099 a composite number?
True
Is 2448218 composite?
True
Is 8914735 composite?
True
Is 254196457 prime?
False
Is 247581991 composite?
False
Is 1544107 a composite number?
True
Is 3262267 prime?
False
Is 16737899 composite?
True
Is 19965223 composite?
False
Is 129666679 prime?
True
Is 789067 a prime number?
True
Is 111326297 prime?
False
Is 97843321 a composite number?
True
Is 7492007 composite?
True
Is 1131217 composite?
False
Is 11023658 composite?
True
Is 8222737 a composite number?
False
Is 66222309 a prime number?
False
Is 124177951 a composite number?
False
Is 592607 prime?
False
Is 242373493 a prime number?
True
Is 132628229 a composite number?
False
Is 95731817 composite?
False
Is 2579249 a composite number?
False
Is 149330281 prime?
False
Is 48111149 prime?
True
Is 298733 composite?
False
Is 9354841 a prime number?
False
Is 6931661 a composite number?
True
Is 20134009 a composite number?
True
Is 34789663 a composite number?
True
Is 20815297 prime?
True
Is 4940519 a composite number?
False
Is 23210815 a prime number?
False
Is 15301777 a prime number?
False
Is 6794947 a prime number?
False
Is 257953467 composite?
True
Is 12420943 composite?
True
Is 134913327 a prime number?
False
Is 49853383 composite?
True
Is 30530629 a composite number?
True
Is 86565434 composite?
True
Is 760582421 composite?
False
Is 25757837 prime?
False
Is 896503 a composite number?
True
Is 5376073 composite?
False
Is 30218735 composite?
True
Is 1054409 composite?
True
Is 190568263 a prime number?
True
Is 1983821 prime?
False
Is 4783447 composite?
False
Is 103129531 a prime number?
False
Is 173461361 a composite number?
False
Is 72542153 a prime number?
True
Is 8254481 a composite number?
True
Is 390272594 composite?
True
Is 124219427 a composite number?
True
Is 1064652815 composite?
True
Is 6021389 a prime number?
False
Is 115815421 prime?
True
Is 59048669 a composite number?
True
Is 9253333 a composite number?
False
Is 359035 a composite number?
True
Is 3072569 a composite number?
True
Is 1455527 a prime number?
True
Is 6852103 prime?
False
Is 146121013 prime?
True
Is 2272463 prime?
True
Is 339971 a prime number?
False
Is 11339593 a prime number?
True
Is 372451285 prime?
False
Is 135621947 composite?
False
Is 3924751 prime?
False
Is 24273437 composite?
False
Is 45754213 a composite number?
True
Is 41403107 a composite number?
False
Is 30160649 a composite number?
False
Is 41822713 a composite number?
False
Is 8290831 composite?
False
Is 1186931 composite?
False
Is 110015033 prime?
True
Is 4540517 a composite number?
False
Is 2005141 a prime number?
False
Is 103909 a composite number?
True
Is 1886929 composite?
True
Is 458436017 prime?
False
Is 1249837 a composite number?
False
Is 75132287 composite?
True
Is 21153073 a prime number?
False
Is 306496501 a prime number?
True
Is 18184603 prime?
True
Is 14378279 a prime number?
False
Is 6419459 a prime number?
False
Is 11038397 prime?
True
Is 3840251 a prime number?
False
Is 473959331 composite?
True
Is 3982877 prime?
True
Is 2476057 a prime number?
True
Is 1182623 prime?
False
Is 599983 prime?
True
Is 1739643 prime?
False
Is 19562921 composite?
True
Is 20714341 a composite number?
False
Is 570821 a composite number?
False
Is 8038018 a composite number?
True
Is 81294853 prime?
True
Is 1006636277 a composite number?
True
Is 3498359 a prime number?
True
Is 3806007 prime?
False
Is 3776887 a prime number?
False
Is 28991129 composite?
False
Is 198605443 a composite number?
False
Is 11549455 prime?
False
Is 151883 prime?
True
Is 67358033 composite?
False
Is 14177 a composite number?
False
Is 6346003 a prime number?
True
Is 340699 a prime number?
False
Is 130916451 composite?
True
Is 2031977 a prime number?
True
Is 173081351 prime?
False
Is 363116867 composite?
False
Is 13522909 prime?
True
Is 380081777 prime?
True
Is 43893323 prime?
True
Is 366679213 composite?
True
Is 187959 composite?
True
Is 28326181 a prime number?
False
Is 15706001 a prime number?
True
Is 3388027 prime?
False
Is 70932877 a prime number?
True
Is 2623711 composite?
False
Is 107843363 composite?
False
Is 1543369 composite?
True
Is 1843099 a prime number?
True
Is 260132309 a prime number?
False
Is 1271001 a composite number?
True
Is 56201671 composite?
False
Is 15353641 a prime number?
False
Is 2673851 composite?
True
Is 596569 composite?
False
Is 29494799 composite?
False
Is 915941 a composite number?
True
Is 5186659 a prime number?
True
Is 604728769 prime?
True
Is 634007 a composite number?
True
Is 369347 composite?
True
Is 248491 a composite number?
True
Is 18847357 a composite number?
True
Is 1184077607 a composite number?
False
Is 1403827 composite?
False
Is 1470059009 a prime number?
True
Is 3671203 prime?
True
Is 222737159 a composite number?
False
Is 4089229 a composite number?
True
Is 9700201 prime?
False
Is 31422943 a composite number?
True
Is 233192243 composite?
False
Is 863479 a prime number?
True
Is 6308413 prime?
False
Is 10392011 composite?
True
Is 9444319 prime?
True
Is 415469 a prime number?
True
Is 136856471 a composite number?
False
Is 10247683 a prime number?
True
Is 777311 composite?
True
Is 20727023 a composite number?
False
Is 24320663 prime?
True
Is 1819621 a prime number?
False
Is 12089729 a composite number?
True
Is 1954573 a composite number?
False
Is 3438571 a prime number?
True
Is 11261729 a composite number?
True
Is 15412253 a prime number?
False
Is 590670203 composite?
False
Is 16239761 a composite number?
False
Is 449543 a composite number?
False
Is 169195711 prime?
True
Is 11053461 composite?
True
Is 803200523 prime?
True
Is 511813243 a composite number?
True
Is 444259 a prime number?
False
Is 271934059 composite?
False
Is 34973909 prime?
True
Is 92677493 prime?
True
Is 64261787 prime?
True
Is 84814091 composite?
False
Is 9313939 prime?
False
Is 10850683 a prime number?
True
Is 70380913 composite?
False
Is 4552595 composite?
True
Is 213671071 prime?
False
Is 4207837 composite?
False
Is 72755077 composite?
False
Is 2607121 prime?
False
Is 598399 composite?
False
Is 63580169 a prime number?
True
Is 313613 a prime number?
True
Is 40277557 a composite number?
False
Is 129640741 prime?
True
Is 7925017 composite?
False
Is 566791 prime?
True
Is 416240945 a composite number?
True
Is 4160071 a prime number?
False
Is 41190505 a composite number?
True
Is 990859 prime?
False
Is 21899099 composite?
False
Is 410482333 prime?
False
Is 232627 a composite number?
True
Is 36313919 prime?
True
Is 215083127 a prime number?
False
Is 128771 a composite number?
True
Is 45516179 a composite number?
True
Is 1789457 a composite number?
False
Is 17048327 a prime number?
False
Is 53552609 a prime number?
False
Is 308123357 composite?
False
Is 9476377 a composite number?
False
Is 55881259 composite?
True
Is 2242073 a composite number?
False
Is 36730949 prime?
True
Is 1329337 a composite number?
False
Is 4365337 prime?
True
Is 7769569 prime?
True
Is 4477931 prime?
True
Is 115312447 a composite number?
False
Is 4048027 composite?
True
Is 3098153 prime?
True
Is 2144078 a composite number?
True
Is 194860465 composite?
True
Is 330926 a prime number?
False
Is 1354337059 a composite number?
False
Is 33523649 a prime number?
False
Is 20799647 prime?
False
Is 168771413 composite?
True
Is 116